74.
4
Calculate the remainder when 3710 is divided by 317.
223
Calculate the remainder when 4156 is divided by 1376.
28
What is the remainder when 22693 is divided by 614?
589
What is the remainder when 83421 is divided by 79?
76
What is the remainder when 625 is divided by 120?
25
Calculate the remainder when 2056786 is divided by 6.
4
Calculate the remainder when 1357 is divided by 1339.
18
Calculate the remainder when 478 is divided by 217.
44
What is the remainder when 76358 is divided by 241?
202
Calculate the remainder when 36552 is divided by 37.
33
What is the remainder when 6619 is divided by 301?
298
What is the remainder when 15466 is divided by 7655?
156
Calculate the remainder when 2526107 is divided by 13.
12
What is the remainder when 4178 is divided by 116?
2
What is the remainder when 311461 is divided by 7?
3
Calculate the remainder when 4775 is divided by 1260.
995
Calculate the remainder when 22300 is divided by 354.
352
What is the remainder when 8404 is divided by 326?
254
Calculate the remainder when 5434 is divided by 20.
14
Calculate the remainder when 2529 is divided by 25.
4
Calculate the remainder when 5167 is divided by 1296.
1279
What is the remainder when 6910 is divided by 401?
93
Calculate the remainder when 21371 is divided by 412.
359
Calculate the remainder when 74193 is divided by 74181.
12
Calculate the remainder when 227050 is divided by 113517.
16
Calculate the remainder when 31821 is divided by 2447.
10
What is the remainder when 35961 is divided by 43?
13
Calculate the remainder when 147838 is divided by 111.
97
Calculate the remainder when 1428 is divided by 457.
57
Calculate the remainder when 13471 is divided by 107.
96
What is the remainder when 172564 is divided by 13274?
2
What is the remainder when 1230381 is divided by 77?
75
Calculate the remainder when 55663 is divided by 841.
157
What is the remainder when 225730 is divided by 1980?
10
What is the remainder when 61842 is divided by 93?
90
What is the remainder when 6435 is divided by 124?
111
What is the remainder when 533 is divided by 7?
1
Calculate the remainder when 14658 is divided by 6905.
848
Calculate the remainder when 17797 is divided by 1041.
100
Calculate the remainder when 1820 is divided by 878.
64
Calculate the remainder when 567 is divided by 552.
15
What is the remainder when 24566 is divided by 216?
158
Calculate the remainder when 344912 is divided by 118.
116
What is the remainder when 18114 is divided by 489?
21
What is the remainder when 1539 is divided by 355?
119
Calculate the remainder when 4250 is divided by 848.
10
Calculate the remainder when 56494 is divided by 135.
64
What is the remainder when 19946 is divided by 1193?
858
Calculate the remainder when 1183 is divided by 63.
49
Calculate the remainder when 186845 is divided by 62279.
8
Calculate the remainder when 28072 is divided by 28047.
25
Calculate the remainder when 23919 is divided by 8.
7
Calculate the remainder when 15551 is divided by 251.
240
What is the remainder when 11226 is divided by 2?
0
What is the remainder when 22154 is divided by 388?
38
Calculate the remainder when 433017 is divided by 69.
42
Calculate the remainder when 6491 is divided by 20.
11
Calculate the remainder when 95306 is divided by 1271.
1252
What is the remainder when 47598 is divided by 41?
38
Calculate the remainder when 20829 is divided by 331.
307
Calculate the remainder when 3482 is divided by 177.
119
Calculate the remainder when 32523 is divided by 6.
3
Calculate the remainder when 25282 is divided by 22.
4
Calculate the remainder when 58365 is divided by 8333.
34
Calculate the remainder when 1703 is divided by 339.
8
Calculate the remainder when 6450 is divided by 709.
69
Calculate the remainder when 165011 is divided by 1447.
53
Calculate the remainder when 291312 is divided by 342.
270
What is the remainder when 6687 is divided by 106?
9
What is the remainder when 1807360 is divided by 186?
184
What is the remainder when 2037 is divided by 472?
149
What is the remainder when 8561 is divided by 277?
251
What is the remainder when 1828349 is divided by 478?
477
Calculate the remainder when 14107 is divided by 12.
7
Calculate the remainder when 8079 is divided by 77.
71
Calculate the remainder when 19455 is divided by 185.
30
Calculate the remainder when 1574 is divided by 52.
14
Calculate the remainder when 8145 is divided by 194.
191
Calculate the remainder when 584 is divided by 13.
12
What is the remainder when 130556 is divided by 58?
56
Calculate the remainder when 12671 is divided by 181.
1
What is the remainder when 91551 is divided by 248?
39
What is the remainder when 69515 is divided by 88?
83
What is the remainder when 14740 is divided by 270?
160
Calculate the remainder when 650639 is divided by 12.
11
What is the remainder when 1033 is divided by 56?
25
What is the remainder when 25872 is divided by 12924?
24
What is the remainder when 43384 is divided by 5?
4
What is the remainder when 21835 is divided by 10906?
23
Calculate the remainder when 3728 is divided by 81.
2
Calculate the remainder when 6883 is divided by 61.
51
Calculate the remainder when 86756 is divided by 859.
856
Calculate the remainder when 162616 is divided by 21.
13
What is the remainder when 3570 is divided by 753?
558
What is the remainder when 78472 is divided by 58?
56
Calculate the remainder when 2477 is divided by 562.
229
What is the remainder when 64137 is divided by 539?
535
Calculate the remainder when 1800 is divided by 343.
85
What is the remainder when 168261 is divided by 246?
243
Calculate the remainder when 6662 is divided by 223.
195
Calculate the remainder when 78516 is divided by 114.
84
What is the remainder when 303035 is divided by 32?
27
What is the remainder when 50726 is divided by 37?
36
Calculate the remainder when 689 is divided by 281.
127
What is the remainder when 123807 is divided by 6190?
7
What is the remainder when 69250 is divided by 23079?
13
What is the remainder when 1150881 is divided by 11?
6
What is the remainder when 8002 is divided by 1147?
1120
What is the remainder when 5924 is divided by 42?
2
What is the remainder when 35486 is divided by 1542?
20
What is the remainder when 78832 is divided by 6?
4
Calculate the remainder when 2955 is divided by 2910.
45
Calculate the remainder when 5114 is divided by 121.
32
Calculate the remainder when 22670 is divided by 128.
14
What is the remainder when 15288 is divided by 13?
0
What is the remainder when 5203 is divided by 812?
331
What is the remainder when 8279 is divided by 90?
89
Calculate the remainder when 8335 is divided by 709.
536
What is the remainder when 11596 is divided by 227?
19
What is the remainder when 3327 is divided by 3250?
77
Calculate the remainder when 42534 is divided by 358.
290
What is the remainder when 54926 is divided by 26?
14
What is the remainder when 240609 is divided by 1046?
29
Calculate the remainder when 9021 is divided by 48.
45
Calculate the remainder when 9321 is divided by 4659.
3
Calculate the remainder when 652 is divided by 532.
120
What is the remainder when 8664 is divided by 135?
24
Calculate the remainder when 3235 is divided by 42.
1
What is the remainder when 2434 is divided by 617?
583
Calculate the remainder when 135262 is divided by 405.
397
What is the remainder when 1432142 is divided by 60?
2
Calculate the remainder when 1300 is divided by 402.
94
Calculate the remainder when 968 is divided by 22.
0
What is the remainder when 8373 is divided by 2090?
13
What is the remainder when 14812 is divided by 256?
220
Calculate the remainder when 58796 is divided by 560.
556
Calculate the remainder when 5127 is divided by 1673.
108
Calculate the remainder when 2020 is divided by 253.
249
Calculate the remainder when 10830 is divided by 42.
36
What is the remainder when 23695 is divided by 113?
78
Calculate the remainder when 278242 is divided by 278237.
5
What is the remainder when 505655 is divided by 597?
593
What is the remainder when 18387 is divided by 164?
19
Calculate the remainder when 142496 is divided by 53.
32
What is the remainder when 4317 is divided by 215?
17
What is the remainder when 26550 is divided by 60?
30
What is the remainder 